 k = 47 - u. Calculate the remainder when k is divided by v.
8
Let q be 5*2/10 + -3. What is the remainder when ((-248)/28)/(q/14) is divided by 16?
14
Let v be -3*(-8)/12 - -14. Suppose -13*a + 9*a + v = 0. What is the remainder when 6 is divided by a?
2
Let r(c) = c**2 + 6 - 16 + 3 - c. Calculate the remainder when r(11) is divided by 13.
12
Suppose 5*f + 2*o = 119, 0 = -2*f + o - 0 + 44. Let p = -15 + f. Calculate the remainder when (-4)/18 - (-137)/9 is divided by p.
7
Suppose 941*x - 948*x + 63 = 0. Suppose n = 3*b + 5, 0 = 3*b - 5*b + 10. Let m = n + -14. What is the remainder when x is divided by m?
3
Let b(r) = -22*r - 523. Calculate the remainder when 73 is divided by b(-25).
19
Let b = -235 - -350. Let c = 52 - 13. Calculate the remainder when b is divided by c.
37
Let j(z) = 20*z + 3. Suppose -94 = -8*y + 258. What is the remainder when y is divided by j(1)?
21
Let y(x) = -x**2 - 25*x + 38. Let z = -156 - -132. Calculate the remainder when 369 is divided by y(z).
59
Let n(p) = -p**2 + 11*p - 4. Let s be n(9). Suppose 2*y = 38 - s. Calculate the remainder when 22 is divided by y.
10
Let x = 86 - 92. Calculate the remainder when 128 is divided by (231/(-126))/(1/x).
7
Suppose 2*g = -5*g. Suppose g = -0*k - 2*k + 98. Suppose 32 = 3*c - k. Calculate the remainder when 80 is divided by c.
26
Suppose 34 + 83 = 3*n. Calculate the remainder when 106 is divided by n.
28
Let z = 42 - 31. Suppose 0 = 7*v - 2*v - 4*l - 155, 0 = 2*l. What is the remainder when v is divided by z?
9
What is the remainder when 36/(-24)*370/(-3) is divided by 16?
9
Let d = -1260 + 1270. Let w(u) = u**3 + 7*u**2 + 2*u - 8. What is the remainder when w(-6) is divided by d?
6
Suppose 5*o + 5*j = 440, 4*j = 5*o - 6*o + 103. What is the remainder when 158 is divided by o?
75
Let v = 33 - 19. Suppose -n + v = -2*a + 3*a, 5*n - 94 = a. Calculate the remainder when 52 is divided by n.
16
Let c be 4/26 + 510/65. Let t = -14 + 38. Calculate the remainder when t is divided by 1/2 + 100/c.
11
Calculate the remainder when 69 is divided by (4/24*-2)/(8/(-984)).
28
Suppose 0 = g + 2 - 1. Let d(i) = 3*i - 6. Calculate the remainder when (1 - 36)*1*g is divided by d(5).
8
Suppose 65 = 3*n - 5*x, -x + 0*x = 4. What is the remainder when n/((-15)/(-6) - 2/2) is divided by 6?
4
Let h = 816 + -762. What is the remainder when 106 is divided by h?
52
Let i(y) = -y**3 - 15*y**2 - 28*y - 35. What is the remainder when i(-14) is divided by 27?
26
Let u = 17 + 15. What is the remainder when ((-36)/(-90))/((-4)/5)*-178 is divided by u?
25
Let n = -1027 - -1062. Calculate the remainder when 117 is divided by n.
12
Let s = 54 - 38. Calculate the remainder when 102 is divided by s.
6
Let x(z) = z**2 - 9*z + 3. Let g(n) = n**2 - 4*n + 1. Let v(p) = 5*g(p) - 2*x(p). Let u = -37 + 126. Calculate the remainder when u is divided by v(-2).
14
Let q = -2 + -2. Let d(c) = -45*c - 13. What is the remainder when d(q) is divided by 28?
27
Suppose -335 = -0*k - 5*k. Let j = -38 - -61. What is the remainder when k is divided by j?
21
Suppose v = 84 - 31. Let z = -10 + 24. What is the remainder when v is divided by z?
11
Suppose -3*o = r - 11, 0 = -r + 3 - 4. Suppose -o*j - 4*y = 4 - 60, 5*j - y - 88 = 0. Let n(i) = 8*i - 95. Calculate the remainder when n(20) is divided by j.
14
Suppose -6*r = -11*r - 160. Let z be 8/r - (-21)/4. Suppose -72 = -z*h + 203. Calculate the remainder when h is divided by 29.
26
Let f(h) = 2*h**3 - 24*h**2 - h + 58. What is the remainder when 179 is divided by f(12)?
41
Let l = 8 - 4. Suppose -2*j + 10 = l*p - 64, 0 = -p + 3*j + 36. Calculate the remainder when p is divided by 5.
1
Suppose 4*w + w = -25, w + 139 = 2*c. Let i(m) = m**2 + 5*m + 3. Let f(t) = t - 1. Let y be f(-6). Calculate the remainder when c is divided by i(y).
16
Let r = 50 + -45. Suppose -r*y + 95 = -0*y. Calculate the remainder when 75 is divided by y.
18
What is the remainder when 18632/(-170)*(-140)/8 is divided by 24?
22
Let l = -43 - -55. Suppose 0 = 3*t - 3*q - 15, 10 = 4*t - 2*q - 18. What is the remainder when (-9)/(-6)*204/t is divided by l?
10
Suppose -5*z - 2*o = -69, 3*o - 45 = -4*z - 2*o. Calculate the remainder when 70 is divided by z.
10
Suppose -4*f + 3 + 5 = 0. Suppose -3 = -3*n, -2*n + 22 = -f*q - 10. Let a = -3 - q. What is the remainder when 45 is divided by a?
9
Calculate the remainder when 71 + (-4 - 15/(-5)) is divided by 29.
12
Suppose -8*n - 2 + 18 = 0. Suppose -n*f = -8*f + 96. Calculate the remainder when 30 is divided by f.
14
Let i(c) = -c**3 - 14*c**2 + 22*c + 3. Let o(m) = -m**3 + 15*m**2 - 16*m + 12. Let n be o(14). Calculate the remainder when i(n) is divided by 33.
31
Suppose 5*o = -20, 6*m - 5*m - o - 24 = 0. What is the remainder when 72 is divided by m?
12
Let q(x) = 2*x**2 + 27*x + 1. Let p = 8 + -5. Let v = p + 3. Calculate the remainder when q(-14) is divided by v.
3
Let j be 56/(-14) + 6 + 0. Suppose 4 = -j*b + 10. Suppose 3*r + 49 + 113 = 3*x, -2*x + 105 = -b*r. Calculate the remainder when x is divided by 15.
12
Suppose 3 + 3 = 3*n. Suppose -3*w - n*w = 435. What is the remainder when w/(-6) - (-4)/(-8) is divided by 5?
4
Suppose -235*b = 277*b - 127*b - 20790. Suppose 4*x + 5*u = 32, 0*u - 24 = -3*x + 2*u. What is the remainder when b is divided by x?
6
Let t(m) = -m**3 + 5*m**2 + 4*m + 4. Let b be t(5). What is the remainder when 168 is divided by (17/3)/((6 - 2)/b)?
32
Let a(q) = 16*q**2 + 2*q + 44. What is the remainder when 1028/6 + (-4)/(-6) is divided by a(0)?
40
Let n(a) = -19*a - 46. Let z be n(-8). Let f = z - 61. What is the remainder when 134 is divided by f?
44
Let m(c) = -c - 15. Let j be m(-10). Calculate the remainder when (j/(-1))/5*64 is divided by 33.
31
Suppose 0 = -11*d + 8*d + 15. Suppose 0 = 3*v + 2*r - 13, r - d*r - 4 = 0. Suppose 0 = v*s - 101 - 14. What is the remainder when 112 is divided by s?
20
Suppose -73*b = -53*b - 320. Calculate the remainder when (-556)/(-6) - (-1)/3 is divided by b.
13
Suppose 2*m + 579 - 2150 = 3*j, 0 = -2*m + 2*j + 1568. Suppose 2*d - m = -9*d. Calculate the remainder when d is divided by 13.
6
Let o(b) = 3*b**3 - 7*b**2 - 8*b - 3. What is the remainder when o(4) is divided by 13?
6
Let x = -150 - -218. What is the remainder when x is divided by 22?
2
Suppose -2*a - r = 5, r + 9 = -3*a - r. Let z = 8 + a. What is the remainder when (-43)/(989/(-184)) + 5 is divided by z?
6
Let p(t) = 8*t + 10*t**2 - 5*t + 10 - t**3 + 8*t. What is the remainder when 28 is divided by p(11)?
8
Let u be (-51)/68 - 22/(-8). Suppose 0 = -u*d + 8 - 0. Suppose 130 = 5*x + k + d*k, 2*k = 6. Calculate the remainder when x is divided by 12.
11
Let p = -263 - -310. Calculate the remainder when p is divided by 12.
11
Suppose -3*w = 4*k - 5, -w = k + 2*k - 5. Suppose 0 + 5 = t, k*l = -2*t + 32. What is the remainder when 32 is divided by l?
10
Let z(w) = 11*w - 2. Calculate the remainder when (5 - 5) + -4 - -126 is divided by z(3).
29
Let t = 1193 + -1165. What is the remainder when 183 is divided by t?
15
Suppose -3*r + 0*g = -5*g - 20, -4*r - 2*g = -18. Let y(h) = 5 - 5*h + h + 6*h + 3*h. Calculate the remainder when y(r) is divided by 16.
14
What is the remainder when 296 is divided by (23/(-92))/(((-16)/4)/656)?
9
Let x be 114/(-4)*(-4)/6. Let y = 30 - x. Let z(d) = d**2 - 8*d - 2. What is the remainder when z(y) is divided by 8?
7
Let x = 88 - 85. Calculate the remainder when 143 is divided by x.
2
Let y(q) = q**3 + 6*q**2 + 7*q + 10. Let l be y(-5). Suppose -3*n - 2*r + 87 = l, 0 = 4*n - 5*r + 59 - 175. What is the remainder when 114 is divided by n?
27
Calculate the remainder when (-1)/((-1)/152) + 24/(-12) is divided by 39.
33
Let w(a) = -a**2 + 11*a - 13. Let k(s) = -2*s**2 + 22*s - 26. Let p(i) = -6*k(i) + 13*w(i). What is the remainder when p(6) is divided by 5?
2
Suppose -8*d + 23 + 25 = 0. Let s(u) = 2*u + 1. Calculate the remainder when 36 is divided by s(d).
10
Let t(j) = -j**3 - 8*j**2 + 19*j + 10. What is the remainder when 33 is divided by t(-10)?
13
Suppose -360 + 51 = -2*m + 3*u, -u + 480 = 3*m. What is the remainder when m is divided by 20?
19
Let r = 10 + 13. Suppose 27*y = r*y - 108. Let u = y + 30. What is the remainder when 3 is divided by u?
0
Let l be (5/10)/(2/16). Suppose -3*w + l*w = 3. Let t = w + 10. What is t